{"id":226,"date":"2023-09-14T21:45:22","date_gmt":"2023-09-14T21:45:22","guid":{"rendered":"https:\/\/www.h.hogarinfantilpulgarcito.com\/?page_id=226"},"modified":"2023-09-14T21:51:06","modified_gmt":"2023-09-14T21:51:06","slug":"quiero-donar","status":"publish","type":"page","link":"https:\/\/www.hogarinfantilpulgarcito.com\/?page_id=226","title":{"rendered":"QUIERO DONAR"},"content":{"rendered":"\t\t<div data-elementor-type=\"wp-page\" data-elementor-id=\"226\" class=\"elementor elementor-226\">\n\t\t\t\t<div class=\"elementor-element elementor-element-44a4b62 e-flex e-con-boxed e-con e-parent\" data-id=\"44a4b62\" data-element_type=\"container\">\n\t\t\t\t\t<div class=\"e-con-inner\">\n\t\t\t\t<div class=\"elementor-element elementor-element-776e6e3 elementor-widget elementor-widget-image\" data-id=\"776e6e3\" data-element_type=\"widget\" data-widget_type=\"image.default\">\n\t\t\t\t<div class=\"elementor-widget-container\">\n\t\t\t\t\t\t\t\t\t\t\t\t\t\t\t<img decoding=\"async\" width=\"150\" height=\"150\" src=\"https:\/\/www.hogarinfantilpulgarcito.com\/wp-content\/uploads\/2023\/09\/logoHIP_png-150x150.png\" class=\"attachment-thumbnail size-thumbnail wp-image-13\" alt=\"\" \/>\t\t\t\t\t\t\t\t\t\t\t\t\t\t\t<\/div>\n\t\t\t\t<\/div>\n\t\t\t\t<div class=\"elementor-element elementor-element-ccdb55b elementor-widget elementor-widget-text-editor\" data-id=\"ccdb55b\" data-element_type=\"widget\" data-widget_type=\"text-editor.default\">\n\t\t\t\t<div class=\"elementor-widget-container\">\n\t\t\t\t\t\t\t\t\t<p class=\"wb-stl-custom3\" data-dnid=\"350089\">Apoya la ni\u00f1ez de nuestra localidad, somos una asociaci\u00f3n de padres que trabaja con el ICBF atendiendo 260 ni\u00f1as y ni\u00f1os de los 6 meses a los 5 a\u00f1os, necesitamos de\u00a0 tu ayuda para cubrir costos adicionales de mantenimiento, servicios p\u00fablicos, adecuaci\u00f3n de infraestructura y costos para el mejoramiento del servicio.<\/p><p class=\"wb-stl-custom3\" data-dnid=\"350091\">\u00a0<\/p><p class=\"wb-stl-custom3\" data-dnid=\"350093\">SU APORTE LO PUEDE HACER A NUESTRA CUENTA<\/p><p class=\"wb-stl-custom8\" data-dnid=\"350095\">ASOCIACI\u00d3N DE PADRES DE FAMILIA DEL HOGAR INFANTIL PULGARCITO<\/p><p class=\"wb-stl-custom8\" data-dnid=\"350097\">BANCO DE BOGOT\u00c1<\/p><p class=\"wb-stl-custom8\" data-dnid=\"350099\">CUENTA DE AHORROS<\/p><p class=\"wb-stl-custom8\" data-dnid=\"350101\">No. \u00a0079065256<\/p>\t\t\t\t\t\t\t\t<\/div>\n\t\t\t\t<\/div>\n\t\t\t\t<div class=\"elementor-element elementor-element-9494038 elementor-align-center elementor-widget elementor-widget-button\" data-id=\"9494038\" data-element_type=\"widget\" data-widget_type=\"button.default\">\n\t\t\t\t<div class=\"elementor-widget-container\">\n\t\t\t\t\t\t\t\t\t<div class=\"elementor-button-wrapper\">\n\t\t\t\t\t<a class=\"elementor-button elementor-button-link elementor-size-sm\" href=\"https:\/\/donaronline.org\/asociacion-de-padres-de-familia-del-hogar-infantil-pulgarcito\/apoya-la-ninez-por-unas-ninas-y-ninos-felices\">\n\t\t\t\t\t\t<span class=\"elementor-button-content-wrapper\">\n\t\t\t\t\t\t\t\t\t<span class=\"elementor-button-text\">QUIERO DONAR<\/span>\n\t\t\t\t\t<\/span>\n\t\t\t\t\t<\/a>\n\t\t\t\t<\/div>\n\t\t\t\t\t\t\t\t<\/div>\n\t\t\t\t<\/div>\n\t\t\t\t\t<\/div>\n\t\t\t\t<\/div>\n\t\t\t\t<\/div>\n\t\t","protected":false},"excerpt":{"rendered":"<p>Apoya la ni\u00f1ez de nuestra localidad, somos una asociaci\u00f3n de padres que trabaja con el ICBF atendiendo 260 ni\u00f1as y ni\u00f1os de los 6 meses a los 5 a\u00f1os, necesitamos de\u00a0 tu ayuda para cubrir costos adicionales de mantenimiento, servicios p\u00fablicos, adecuaci\u00f3n de infraestructura y costos para el mejoramiento del servicio. \u00a0 SU APORTE LO [&hellip;]<\/p>\n","protected":false},"author":1,"featured_media":0,"parent":0,"menu_order":0,"comment_status":"closed","ping_status":"closed","template":"elementor_canvas","meta":{"footnotes":"","_joinchat":[]},"_links":{"self":[{"href":"https:\/\/www.hogarinfantilpulgarcito.com\/index.php?rest_route=\/wp\/v2\/pages\/226"}],"collection":[{"href":"https:\/\/www.hogarinfantilpulgarcito.com\/index.php?rest_route=\/wp\/v2\/pages"}],"about":[{"href":"https:\/\/www.hogarinfantilpulgarcito.com\/index.php?rest_route=\/wp\/v2\/types\/page"}],"author":[{"embeddable":true,"href":"https:\/\/www.hogarinfantilpulgarcito.com\/index.php?rest_route=\/wp\/v2\/users\/1"}],"replies":[{"embeddable":true,"href":"https:\/\/www.hogarinfantilpulgarcito.com\/index.php?rest_route=%2Fwp%2Fv2%2Fcomments&post=226"}],"version-history":[{"count":7,"href":"https:\/\/www.hogarinfantilpulgarcito.com\/index.php?rest_route=\/wp\/v2\/pages\/226\/revisions"}],"predecessor-version":[{"id":235,"href":"https:\/\/www.hogarinfantilpulgarcito.com\/index.php?rest_route=\/wp\/v2\/pages\/226\/revisions\/235"}],"wp:attachment":[{"href":"https:\/\/www.hogarinfantilpulgarcito.com\/index.php?rest_route=%2Fwp%2Fv2%2Fmedia&parent=226"}],"curies":[{"name":"wp","href":"https:\/\/api.w.org\/{rel}","templated":true}]}}